{"id":2574,"date":"2018-12-26T12:32:29","date_gmt":"2018-12-26T17:32:29","guid":{"rendered":"https:\/\/espacerm.com\/webgen\/?page_id=2574"},"modified":"2024-04-26T13:33:29","modified_gmt":"2024-04-26T18:33:29","slug":"menu-projets","status":"publish","type":"page","link":"https:\/\/espacerm.com\/webgen\/menu-projets\/","title":{"rendered":"Menu Projets"},"content":{"rendered":"\n<p><a href=\"https:\/\/espacerm.com\/webgen\/fr-board-version-81-details\/\" target=\"_blank\" rel=\"noreferrer noopener\">La plaquette multifonctionnelle version 8,1 pour le ESP32 DEVKIT V1<\/a><\/p>\n\n\n\n<p><a href=\"https:\/\/espacerm.com\/webgen\/esp32-devkit-v1-doit-bouclier-dextension-et-declencheur-de-relais\/\">ESP32 DEVKIT V1 DOIT Bouclier d&rsquo;extension et d\u00e9clencheur de relais<\/a><\/p>\n\n\n\n<p><a href=\"https:\/\/espacerm.com\/webgen\/rail-motorise-pour-la-macrophotographie-et-declencheur\/\">Rail motoris\u00e9 pour la macrophotographie et d\u00e9clencheur d\u2019appareil photo et de flash<\/a><\/p>\n\n\n\n<p><a href=\"https:\/\/espacerm.com\/webgen\/fr-dht11-dht22-esp32\/\" target=\"_blank\" rel=\"noreferrer noopener\">Capteur de temp\u00e9rature et d\u2019humidit\u00e9 DHT22 et le ESP32<\/a><\/p>\n\n\n\n<p><a rel=\"noreferrer noopener\" aria-label=\"Contr\u00f4le d\u2019une voiturette avec la manette PS4 (ouverture dans un nouvel onglet)\" href=\"https:\/\/espacerm.com\/webgen\/controle-dune-voiturette-avec-la-manette-ps4\/\" target=\"_blank\">Contr\u00f4le d\u2019une voiturette avec la manette PS4<\/a><\/p>\n\n\n\n<p><a aria-label=\"Tondeuse t\u00e9l\u00e9guid\u00e9e (ouverture dans un nouvel onglet)\" href=\"https:\/\/espacerm.com\/webgen\/tondeuse-teleguidee\/\" target=\"_blank\" rel=\"noreferrer noopener\">Tondeuse t\u00e9l\u00e9guid\u00e9e<\/a><\/p>\n\n\n\n<p><a href=\"https:\/\/espacerm.com\/webgen\/lecture-du-detecteur-de-qualite-de-lair\/\">IA et lecture du d\u00e9tecteur de qualit\u00e9 de l\u2019air<\/a><\/p>\n\n\n\n<p><a href=\"http:\/\/espacerm.com\/webgen\/lecteur-de-courant-eleve-avec-le-esp32\/\">Lecteur de courant \u00e9lev\u00e9 avec le ESP32<\/a><\/p>\n\n\n\n<p><\/p>\n","protected":false},"excerpt":{"rendered":"<p>La plaquette multifonctionnelle version 8,1 pour le ESP32 DEVKIT V1 ESP32 DEVKIT V1 DOIT Bouclier d&rsquo;extension et d\u00e9clencheur de relais Rail motoris\u00e9 pour la macrophotographie et d\u00e9clencheur d\u2019appareil photo et de flash Capteur de temp\u00e9rature et d\u2019humidit\u00e9 DHT22 et le ESP32 Contr\u00f4le d\u2019une voiturette avec la manette PS4 Tondeuse t\u00e9l\u00e9guid\u00e9e IA et lecture du d\u00e9tecteur [&hellip;]<\/p>\n","protected":false},"author":2,"featured_media":0,"parent":0,"menu_order":0,"comment_status":"closed","ping_status":"closed","template":"","meta":{"footnotes":""},"_links":{"self":[{"href":"https:\/\/espacerm.com\/webgen\/wp-json\/wp\/v2\/pages\/2574"}],"collection":[{"href":"https:\/\/espacerm.com\/webgen\/wp-json\/wp\/v2\/pages"}],"about":[{"href":"https:\/\/espacerm.com\/webgen\/wp-json\/wp\/v2\/types\/page"}],"author":[{"embeddable":true,"href":"https:\/\/espacerm.com\/webgen\/wp-json\/wp\/v2\/users\/2"}],"replies":[{"embeddable":true,"href":"https:\/\/espacerm.com\/webgen\/wp-json\/wp\/v2\/comments?post=2574"}],"version-history":[{"count":15,"href":"https:\/\/espacerm.com\/webgen\/wp-json\/wp\/v2\/pages\/2574\/revisions"}],"predecessor-version":[{"id":5082,"href":"https:\/\/espacerm.com\/webgen\/wp-json\/wp\/v2\/pages\/2574\/revisions\/5082"}],"wp:attachment":[{"href":"https:\/\/espacerm.com\/webgen\/wp-json\/wp\/v2\/media?parent=2574"}],"curies":[{"name":"wp","href":"https:\/\/api.w.org\/{rel}","templated":true}]}}