{"id":452,"date":"2018-11-16T08:20:34","date_gmt":"2018-11-16T13:20:34","guid":{"rendered":"https:\/\/espacerm.com\/webgen\/?page_id=452"},"modified":"2018-11-16T08:20:34","modified_gmt":"2018-11-16T13:20:34","slug":"fabrication-du-circuit-imprime-de-ma-carte-multifonctionnelle-esp32","status":"publish","type":"page","link":"https:\/\/espacerm.com\/webgen\/fabrication-du-circuit-imprime-de-ma-carte-multifonctionnelle-esp32\/","title":{"rendered":"Fabrication du circuit imprim\u00e9 de ma carte multifonctionnelle ESP32"},"content":{"rendered":"\n<p><strong>Pr\u00e9sentation des diff\u00e9rentes \u00e9tapes de fabrication de la plaquette du circuit imprim\u00e9 de ma carte multifonctionnelle ESP32&nbsp;<\/strong><\/p>\n\n\n\n<p>Le logiciel employ\u00e9 pour la conception du circuit est \n<a href=\"http:\/\/fritzing.org\/home\/\" target=\"_blank\" rel=\"noreferrer noopener\">FRITZING.<\/a> \nLogiciel open-source qui permet de faire le sch\u00e9ma de prototypage, le sch\u00e9ma \u00e9lectrique et le circuit imprim\u00e9. Versatile, il offre la possibilit\u00e9 de cr\u00e9er de nouveaux composants \nsi ceux qui vous sont requis ne sont pas dans les biblioth\u00e8ques de composants d\u00e9j\u00e0 existants.  \n<\/p>\n\n\n\n<p>Pour l&rsquo;\u00e9dition de nouveaux composants, j&rsquo;ai utilis\u00e9 le logiciel libre de dessin vectoriel \n<a href=\"https:\/\/inkscape.org\/fr\/\" target=\"_blank\" rel=\"noreferrer noopener\"> INKSCAPE<\/a><\/p>\n\n\n\n<p>Pour la fabrication, j&rsquo;ai choisi la m\u00e9thode de transfert d&rsquo;encre sur le cuivre par la chaleur en employant un fer \u00e0 repasser. J&rsquo;ai consult\u00e9 ce vid\u00e9o qui m&rsquo;a&nbsp; grandement aid\u00e9.\n\n\n\n\n\n\n<iframe loading=\"lazy\" title=\"Faire un circuit imprim\u00e9 \/ Make a PCB (Toner Transfer)\" width=\"640\" height=\"360\" src=\"https:\/\/www.youtube.com\/embed\/JsVqdsSR_G8?start=869&#038;feature=oembed\" frameborder=\"0\" allow=\"accelerometer; autoplay; clipboard-write; encrypted-media; gyroscope; picture-in-picture; web-share\" referrerpolicy=\"strict-origin-when-cross-origin\" allowfullscreen><\/iframe>\n\n\n\n\n\n\n<\/p>\n\n\n\n<p>Le papier de transfert  <a rel=\"noreferrer noopener\" href=\"http:\/\/www.pcbfx.com\" target=\"_blank\">PCB FAB -IN A -BOX<\/a> donne de bons r\u00e9sultats. Il est disponible chez <a rel=\"noreferrer noopener\" href=\"https:\/\/www.kge.ca\/fr\/produit\/electronique\/2825-feuilles-de-transfert-paquet-de-10.html\" target=\"_blank\">KGE \u00c9LECTRONIQUE<\/a>&nbsp; \u00e0 Saint-Hubert. Les feuilles venant en format 8,5 * 11 pouces, j&rsquo;ai retaill\u00e9 en plus petit format les feuilles pour augmenter le nombre de plaquettes de circuit imprim\u00e9 r\u00e9alisables par feuille. La feuille retaill\u00e9e est coll\u00e9e avec du ruban collant au centre d&rsquo;une feuille 8,5 * 11 pouces standard. J&rsquo;imprime pr\u00e9alablement le circuit sur la feuille standard pour me donner des rep\u00e8res pour l&rsquo;alignement de mon papier de transfert. La feuille est introduite face vers le bas dans le panier de l&rsquo;imprimante. J&rsquo;ajuste la configuration de l&rsquo;imprimante laser pour une impression au centre et en s\u00e9lectionnant la plus haute r\u00e9solution HQ1200 ppp.<\/p>\n\n\n\n<figure class=\"wp-block-image\"><img loading=\"lazy\" decoding=\"async\" width=\"1920\" height=\"1172\" src=\"https:\/\/espacerm.com\/webgen\/wp-content\/uploads\/2018\/11\/DSC_2758_59_1920.jpg\" alt=\"\" class=\"wp-image-213\" srcset=\"https:\/\/espacerm.com\/webgen\/wp-content\/uploads\/2018\/11\/DSC_2758_59_1920.jpg 1920w, https:\/\/espacerm.com\/webgen\/wp-content\/uploads\/2018\/11\/DSC_2758_59_1920-300x183.jpg 300w, https:\/\/espacerm.com\/webgen\/wp-content\/uploads\/2018\/11\/DSC_2758_59_1920-768x469.jpg 768w, https:\/\/espacerm.com\/webgen\/wp-content\/uploads\/2018\/11\/DSC_2758_59_1920-1024x625.jpg 1024w\" sizes=\"(max-width: 1920px) 100vw, 1920px\" \/><figcaption>Feuille standard et feuilles combin\u00e9es (standard et de transfert) apr\u00e8s impression<\/figcaption><\/figure>\n\n\n\n<figure class=\"wp-block-image\"><img loading=\"lazy\" decoding=\"async\" width=\"1498\" height=\"1000\" src=\"https:\/\/espacerm.com\/webgen\/wp-content\/uploads\/2018\/11\/01_DSC_2757.jpg\" alt=\"\" class=\"wp-image-203\" srcset=\"https:\/\/espacerm.com\/webgen\/wp-content\/uploads\/2018\/11\/01_DSC_2757.jpg 1498w, https:\/\/espacerm.com\/webgen\/wp-content\/uploads\/2018\/11\/01_DSC_2757-300x200.jpg 300w, https:\/\/espacerm.com\/webgen\/wp-content\/uploads\/2018\/11\/01_DSC_2757-768x513.jpg 768w, https:\/\/espacerm.com\/webgen\/wp-content\/uploads\/2018\/11\/01_DSC_2757-1024x684.jpg 1024w\" sizes=\"(max-width: 1498px) 100vw, 1498px\" \/><figcaption>Feuille de transfert<\/figcaption><\/figure>\n\n\n\n<figure class=\"wp-block-image\"><img loading=\"lazy\" decoding=\"async\" width=\"1498\" height=\"1000\" src=\"https:\/\/espacerm.com\/webgen\/wp-content\/uploads\/2018\/11\/02_DSC_2722.jpg\" alt=\"\" class=\"wp-image-205\" srcset=\"https:\/\/espacerm.com\/webgen\/wp-content\/uploads\/2018\/11\/02_DSC_2722.jpg 1498w, https:\/\/espacerm.com\/webgen\/wp-content\/uploads\/2018\/11\/02_DSC_2722-300x200.jpg 300w, https:\/\/espacerm.com\/webgen\/wp-content\/uploads\/2018\/11\/02_DSC_2722-768x513.jpg 768w, https:\/\/espacerm.com\/webgen\/wp-content\/uploads\/2018\/11\/02_DSC_2722-1024x684.jpg 1024w\" sizes=\"(max-width: 1498px) 100vw, 1498px\" \/><figcaption>Transfert de l&rsquo;encre par la chaleur sur la plaquette recouverte de cuivre&nbsp;<\/figcaption><\/figure>\n\n\n\n<figure class=\"wp-block-image\"><img loading=\"lazy\" decoding=\"async\" width=\"1618\" height=\"1080\" src=\"https:\/\/espacerm.com\/webgen\/wp-content\/uploads\/2018\/11\/DSC_2762.jpg\" alt=\"\" class=\"wp-image-207\" srcset=\"https:\/\/espacerm.com\/webgen\/wp-content\/uploads\/2018\/11\/DSC_2762.jpg 1618w, https:\/\/espacerm.com\/webgen\/wp-content\/uploads\/2018\/11\/DSC_2762-300x200.jpg 300w, https:\/\/espacerm.com\/webgen\/wp-content\/uploads\/2018\/11\/DSC_2762-768x513.jpg 768w, https:\/\/espacerm.com\/webgen\/wp-content\/uploads\/2018\/11\/DSC_2762-1024x684.jpg 1024w\" sizes=\"(max-width: 1618px) 100vw, 1618px\" \/><figcaption>Je r\u00e9chauffe pr\u00e9alablement&nbsp; ma solution de \u00ab Ferric Chloride\u00bb dans de l&rsquo;eau chaude.<br> La r\u00e9action avec le cuivre sera plus rapide. &nbsp;<\/figcaption><\/figure>\n\n\n\n<figure class=\"wp-block-image\"><img loading=\"lazy\" decoding=\"async\" width=\"1425\" height=\"1000\" src=\"https:\/\/espacerm.com\/webgen\/wp-content\/uploads\/2018\/11\/03_DSC_2740.jpg\" alt=\"\" class=\"wp-image-217\" srcset=\"https:\/\/espacerm.com\/webgen\/wp-content\/uploads\/2018\/11\/03_DSC_2740.jpg 1425w, https:\/\/espacerm.com\/webgen\/wp-content\/uploads\/2018\/11\/03_DSC_2740-300x211.jpg 300w, https:\/\/espacerm.com\/webgen\/wp-content\/uploads\/2018\/11\/03_DSC_2740-768x539.jpg 768w, https:\/\/espacerm.com\/webgen\/wp-content\/uploads\/2018\/11\/03_DSC_2740-1024x719.jpg 1024w\" sizes=\"(max-width: 1425px) 100vw, 1425px\" \/><figcaption>Le cuivre non recouvert d&rsquo;encre est dissout par le <br>\u00ab Ferric Chloride\u00bb&nbsp;<\/figcaption><\/figure>\n\n\n\n<figure class=\"wp-block-image\"><img loading=\"lazy\" decoding=\"async\" width=\"1422\" height=\"1000\" src=\"https:\/\/espacerm.com\/webgen\/wp-content\/uploads\/2018\/11\/04_DSC_2741-Modifier.jpg\" alt=\"\" class=\"wp-image-219\" srcset=\"https:\/\/espacerm.com\/webgen\/wp-content\/uploads\/2018\/11\/04_DSC_2741-Modifier.jpg 1422w, https:\/\/espacerm.com\/webgen\/wp-content\/uploads\/2018\/11\/04_DSC_2741-Modifier-300x211.jpg 300w, https:\/\/espacerm.com\/webgen\/wp-content\/uploads\/2018\/11\/04_DSC_2741-Modifier-768x540.jpg 768w, https:\/\/espacerm.com\/webgen\/wp-content\/uploads\/2018\/11\/04_DSC_2741-Modifier-1024x720.jpg 1024w\" sizes=\"(max-width: 1422px) 100vw, 1422px\" \/><figcaption>J&rsquo;enl\u00e8ve l&rsquo;encre avec du d\u00e9gommeur ( THE GOO BUSTER ). Ce produit enl\u00e8ve aussi la colle de l&rsquo;\u00e9tiquette de prix qui se retrouve sur les plaquettes que j&rsquo;ach\u00e8te. Une pierre deux coups.<\/figcaption><\/figure>\n\n\n\n<figure class=\"wp-block-image\"><img loading=\"lazy\" decoding=\"async\" width=\"1413\" height=\"1000\" src=\"https:\/\/espacerm.com\/webgen\/wp-content\/uploads\/2018\/11\/05_DSC_2746.jpg\" alt=\"\" class=\"wp-image-220\" srcset=\"https:\/\/espacerm.com\/webgen\/wp-content\/uploads\/2018\/11\/05_DSC_2746.jpg 1413w, https:\/\/espacerm.com\/webgen\/wp-content\/uploads\/2018\/11\/05_DSC_2746-300x212.jpg 300w, https:\/\/espacerm.com\/webgen\/wp-content\/uploads\/2018\/11\/05_DSC_2746-768x544.jpg 768w, https:\/\/espacerm.com\/webgen\/wp-content\/uploads\/2018\/11\/05_DSC_2746-1024x725.jpg 1024w\" sizes=\"(max-width: 1413px) 100vw, 1413px\" \/><figcaption>Passage dans <a href=\"https:\/\/www.kge.ca\/fr\/produit\/accessoires\/3998-421_125ml-etain-liquide.html\" target=\"_blank\" rel=\"noreferrer noopener\">l&rsquo;\u00e9tain liquide<\/a> <br>L&rsquo;\u00e9tain prot\u00e8ge le cuivre de l&rsquo;oxydation et facilite la soudure<\/figcaption><\/figure>\n\n\n\n<figure class=\"wp-block-image\"><img decoding=\"async\" src=\"https:\/\/espacerm.com\/webgen\/wp-content\/uploads\/2018\/11\/07_DSC_2754b.jpg\" alt=\"\" class=\"wp-image-224\"\/><figcaption>Circuit multifonctionnel assembl\u00e9<br>D\u00e9tails \u00e0 venir<\/figcaption><\/figure>\n\n\n\n<figure class=\"wp-block-image\"><img loading=\"lazy\" decoding=\"async\" width=\"1039\" height=\"676\" src=\"https:\/\/espacerm.com\/webgen\/wp-content\/uploads\/2018\/11\/09_Presse-papier01.jpg\" alt=\"\" class=\"wp-image-226\" srcset=\"https:\/\/espacerm.com\/webgen\/wp-content\/uploads\/2018\/11\/09_Presse-papier01.jpg 1039w, https:\/\/espacerm.com\/webgen\/wp-content\/uploads\/2018\/11\/09_Presse-papier01-300x195.jpg 300w, https:\/\/espacerm.com\/webgen\/wp-content\/uploads\/2018\/11\/09_Presse-papier01-768x500.jpg 768w, https:\/\/espacerm.com\/webgen\/wp-content\/uploads\/2018\/11\/09_Presse-papier01-1024x666.jpg 1024w\" sizes=\"(max-width: 1039px) 100vw, 1039px\" \/><figcaption>Version finale en commande chez un fabricant professionnel<\/figcaption><\/figure>\n","protected":false},"excerpt":{"rendered":"<p>Pr\u00e9sentation des diff\u00e9rentes \u00e9tapes de fabrication de la plaquette du circuit imprim\u00e9 de ma carte multifonctionnelle ESP32&nbsp; Le logiciel employ\u00e9 pour la conception du circuit est FRITZING. Logiciel open-source qui permet de faire le sch\u00e9ma de prototypage, le sch\u00e9ma \u00e9lectrique et le circuit imprim\u00e9. Versatile, il offre la possibilit\u00e9 de cr\u00e9er de nouveaux composants si [&hellip;]<\/p>\n","protected":false},"author":2,"featured_media":0,"parent":0,"menu_order":0,"comment_status":"closed","ping_status":"closed","template":"","meta":{"footnotes":""},"_links":{"self":[{"href":"https:\/\/espacerm.com\/webgen\/wp-json\/wp\/v2\/pages\/452"}],"collection":[{"href":"https:\/\/espacerm.com\/webgen\/wp-json\/wp\/v2\/pages"}],"about":[{"href":"https:\/\/espacerm.com\/webgen\/wp-json\/wp\/v2\/types\/page"}],"author":[{"embeddable":true,"href":"https:\/\/espacerm.com\/webgen\/wp-json\/wp\/v2\/users\/2"}],"replies":[{"embeddable":true,"href":"https:\/\/espacerm.com\/webgen\/wp-json\/wp\/v2\/comments?post=452"}],"version-history":[{"count":1,"href":"https:\/\/espacerm.com\/webgen\/wp-json\/wp\/v2\/pages\/452\/revisions"}],"predecessor-version":[{"id":453,"href":"https:\/\/espacerm.com\/webgen\/wp-json\/wp\/v2\/pages\/452\/revisions\/453"}],"wp:attachment":[{"href":"https:\/\/espacerm.com\/webgen\/wp-json\/wp\/v2\/media?parent=452"}],"curies":[{"name":"wp","href":"https:\/\/api.w.org\/{rel}","templated":true}]}}