{"id":4911,"date":"2023-01-02T21:57:33","date_gmt":"2023-01-03T02:57:33","guid":{"rendered":"https:\/\/espacerm.com\/webgen\/?page_id=4911"},"modified":"2023-01-02T21:57:33","modified_gmt":"2023-01-03T02:57:33","slug":"les-composants-electroniques","status":"publish","type":"page","link":"https:\/\/espacerm.com\/webgen\/les-composants-electroniques\/","title":{"rendered":"Les composants \u00e9lectroniques"},"content":{"rendered":"\n<p><a href=\"https:\/\/www.sonelec-musique.com\/electronique_theorie_resistance.html\" target=\"_blank\" rel=\"noreferrer noopener\">Les r\u00e9sistances<\/a><\/p>\n\n\n\n<p><a href=\"https:\/\/www.sonelec-musique.com\/electronique_theorie_resistance_codes_valeur.html\" target=\"_blank\" rel=\"noreferrer noopener\">Les r\u00e9sistances : code de couleurs<\/a><\/p>\n\n\n\n<p><a href=\"https:\/\/www.sonelec-musique.com\/electronique_theorie_potentiometre.html\" target=\"_blank\" rel=\"noreferrer noopener\">Les potentiom\u00e8tres<\/a><\/p>\n\n\n\n<p><a href=\"https:\/\/www.sonelec-musique.com\/electronique_theorie_commutateur.html\" target=\"_blank\" rel=\"noreferrer noopener\">Les commutateurs<\/a><\/p>\n\n\n\n<p><a href=\"https:\/\/www.sonelec-musique.com\/electronique_theorie_relais.html\" target=\"_blank\" rel=\"noreferrer noopener\">Les relais<\/a><\/p>\n\n\n\n<p><a href=\"https:\/\/www.sonelec-musique.com\/electronique_theorie_diode.html\" target=\"_blank\" rel=\"noreferrer noopener\">Les diodes<\/a><\/p>\n\n\n\n<p><a href=\"https:\/\/www.sonelec-musique.com\/electronique_theorie_led.html\" target=\"_blank\" rel=\"noreferrer noopener\">Les DELS<\/a><\/p>\n\n\n\n<p><a href=\"https:\/\/www.sonelec-musique.com\/electronique_theorie_condensateur.html\" target=\"_blank\" rel=\"noreferrer noopener\">Les condensateurs<\/a><\/p>\n\n\n\n<p><a href=\"https:\/\/www.sonelec-musique.com\/electronique_theorie_condensateur_codes_valeur.html\" target=\"_blank\" rel=\"noreferrer noopener\">Condensateurs : code des valeurs<\/a><\/p>\n\n\n\n<p><a href=\"https:\/\/www.sonelec-musique.com\/electronique_theorie_reg_tension.html\" target=\"_blank\" rel=\"noreferrer noopener\">R\u00e9gulateurs de tension<\/a><\/p>\n\n\n\n<p><a href=\"https:\/\/www.sonelec-musique.com\/electronique_theorie_transistor.html\" target=\"_blank\" rel=\"noreferrer noopener\">Les transistors<\/a><\/p>\n\n\n\n<p><\/p>\n","protected":false},"excerpt":{"rendered":"<p>Les r\u00e9sistances Les r\u00e9sistances : code de couleurs Les potentiom\u00e8tres Les commutateurs Les relais Les diodes Les DELS Les condensateurs Condensateurs : code des valeurs R\u00e9gulateurs de tension Les transistors<\/p>\n","protected":false},"author":2,"featured_media":0,"parent":0,"menu_order":0,"comment_status":"closed","ping_status":"closed","template":"","meta":{"footnotes":""},"_links":{"self":[{"href":"https:\/\/espacerm.com\/webgen\/wp-json\/wp\/v2\/pages\/4911"}],"collection":[{"href":"https:\/\/espacerm.com\/webgen\/wp-json\/wp\/v2\/pages"}],"about":[{"href":"https:\/\/espacerm.com\/webgen\/wp-json\/wp\/v2\/types\/page"}],"author":[{"embeddable":true,"href":"https:\/\/espacerm.com\/webgen\/wp-json\/wp\/v2\/users\/2"}],"replies":[{"embeddable":true,"href":"https:\/\/espacerm.com\/webgen\/wp-json\/wp\/v2\/comments?post=4911"}],"version-history":[{"count":1,"href":"https:\/\/espacerm.com\/webgen\/wp-json\/wp\/v2\/pages\/4911\/revisions"}],"predecessor-version":[{"id":4912,"href":"https:\/\/espacerm.com\/webgen\/wp-json\/wp\/v2\/pages\/4911\/revisions\/4912"}],"wp:attachment":[{"href":"https:\/\/espacerm.com\/webgen\/wp-json\/wp\/v2\/media?parent=4911"}],"curies":[{"name":"wp","href":"https:\/\/api.w.org\/{rel}","templated":true}]}}