{"id":5120,"date":"2024-04-28T19:50:51","date_gmt":"2024-04-29T00:50:51","guid":{"rendered":"https:\/\/espacerm.com\/webgen\/?page_id=5120"},"modified":"2024-04-28T19:50:51","modified_gmt":"2024-04-29T00:50:51","slug":"puce-de-protection-de-batterie-dw01a","status":"publish","type":"page","link":"https:\/\/espacerm.com\/webgen\/puce-de-protection-de-batterie-dw01a\/","title":{"rendered":"Puce de protection de batterie DW01A"},"content":{"rendered":"\n<p>La puce DW01A est un dispositif de protection de batterie pour une batterie lithium-ion monocellulaire prot\u00e9geant la cellule contre la surcharge et la sous-charge (en contr\u00f4lant la tension maximale et minimale de la cellule), la connexion invers\u00e9e et les courts-circuits. Vous pouvez g\u00e9n\u00e9ralement trouver cette puce sur les cartes de d\u00e9rivation&nbsp;<a href=\"https:\/\/www.best-microcontroller-projects.com\/tp4056.html\">TP4056<\/a>&nbsp;(puce de chargeur lithium-ion).<\/p>\n\n\n\n<p><strong>Objectif DW01A par rapport \u00e0 TP4056<\/strong><\/p>\n\n\n\n<p>Le v\u00e9ritable objectif du DW01A est de prot\u00e9ger une batterie lithium-ion individuelle et, en tant que tel, il doit vraiment se fixer physiquement \u00e0 la batterie elle-m\u00eame &#8211; puis vous branchez le combo batterie-DW01A sur un chargeur.<\/p>\n\n\n\n<p>Dans le cas du TP4096, la puce se trouve sur la carte de d\u00e9rivation elle-m\u00eame, ce qui limite consid\u00e9rablement la raison pour laquelle elle est utilis\u00e9e, car le TP4056 lui-m\u00eame a des limites assez strictes sur la tension de sortie, c&rsquo;est-\u00e0-dire que le TP4056 ne permettra pas \u00e0 la tension d&rsquo;aller trop haut ou trop bas pendant chargeant quand m\u00eame, rendant la puce DW01A pratiquement redondante&nbsp;!<\/p>\n\n\n\n<p>La vraie raison pour laquelle la puce DW01A doit \u00eatre utilis\u00e9e (et non la fa\u00e7on dont elle est utilis\u00e9e sur la carte de d\u00e9rivation), est si quelqu&rsquo;un essayait de charger une batterie lithium-ion avec un chargeur non conforme, par exemple si quelqu&rsquo;un utilisait un bloc de prise standard pour la charger. &#8211; dans ce cas le DW01A est utile pour stopper une action potentiellement dangereuse.<\/p>\n\n\n\n<p><strong>Protection de la batterie<\/strong><\/p>\n\n\n\n<p>C\u00f4t\u00e9 batterie, il prot\u00e8ge la batterie des surtensions (charge) ou des sous-tensions (d\u00e9charge). Si la tension devient trop basse, vous ne pourrez peut-\u00eatre pas r\u00e9cup\u00e9rer la batterie. Si la tension devient trop \u00e9lev\u00e9e, il existe un risque d&#8217;emballement thermique.<\/p>\n\n\n\n<p>Cela garantit que la batterie lithium-ion est conserv\u00e9e dans une zone de fonctionnement s\u00fbre.<\/p>\n\n\n\n<p>Cet appareil est un dispositif anti-retour avec un r\u00e9glage de surtension inhabituellement \u00e9lev\u00e9 et un r\u00e9glage de sous-tension inhabituellement bas.<\/p>\n\n\n\n<p><a><\/a><strong>Protection de charge<\/strong><\/p>\n\n\n\n<p>Du c\u00f4t\u00e9 de la charge, il prot\u00e8ge contre les courts-circuits, les courants \u00e9lev\u00e9s, les courants de court-circuit et la connexion invers\u00e9e du chargeur. Donc, si vous court-circuitez la sortie de la batterie, la ligne de terre est d\u00e9connect\u00e9e.<\/p>\n\n\n\n<p><strong>Astuce&nbsp;:<\/strong>&nbsp;L&rsquo;utilisation correcte du DW01A consiste \u00e0 l&rsquo;inclure dans une batterie. Ses fonctionnalit\u00e9s sont r\u00e9duites lorsqu&rsquo;il est utilis\u00e9 sur la&nbsp;<a href=\"https:\/\/www.best-microcontroller-projects.com\/tp4056.html\">carte TP4056<\/a>&nbsp;.<\/p>\n\n\n\n<figure class=\"wp-block-image size-full\"><img loading=\"lazy\" decoding=\"async\" width=\"900\" height=\"483\" src=\"https:\/\/espacerm.com\/webgen\/wp-content\/uploads\/2024\/04\/image-16.png\" alt=\"\" class=\"wp-image-5121\" srcset=\"https:\/\/espacerm.com\/webgen\/wp-content\/uploads\/2024\/04\/image-16.png 900w, https:\/\/espacerm.com\/webgen\/wp-content\/uploads\/2024\/04\/image-16-300x161.png 300w, https:\/\/espacerm.com\/webgen\/wp-content\/uploads\/2024\/04\/image-16-768x412.png 768w\" sizes=\"(max-width: 900px) 100vw, 900px\" \/><\/figure>\n\n\n\n<p>Le DW01A n\u00e9cessite un double FET externe pour contr\u00f4ler la ligne de terre vers la batterie. En utilisant le FET, la ligne de terre est d\u00e9connect\u00e9e lors de conditions d&rsquo;erreur de courant (court-circuit, d\u00e9charge excessive, surcharge). Celui-ci isole la batterie Lithium jusqu&rsquo;\u00e0 ce que la charge soit retir\u00e9e (en cas de court-circuit).<br><br>Le DW01A dispose \u00e9galement de limites de tension \u00e9tendues (au-dessus et en dessous des valeurs de charge de tension normales) pour prot\u00e9ger contre la surcharge et la d\u00e9charge excessive. Il a \u00e9galement un faible courant de veille de 3 \u00b5A lorsqu&rsquo;il est inactif, de sorte qu&rsquo;il ne d\u00e9charge pas consid\u00e9rablement la batterie pendant le stockage.<\/p>\n\n\n\n<p><strong>Caract\u00e9ristiques du DW01A<\/strong><\/p>\n\n\n\n<p><a><\/a><strong>Protection d&rsquo;entr\u00e9e du chargeur<\/strong><\/p>\n\n\n\n<p>La broche CS est connect\u00e9e \u00e0 la borne n\u00e9gative de l&rsquo;entr\u00e9e du chargeur (via une r\u00e9sistance 1kohm) et remplit les fonctions suivantes&nbsp;:<br><br><\/p>\n\n\n\n<ul>\n<li>D\u00e9tecteur de court-circuit.<\/li>\n\n\n\n<li>D\u00e9tecteur de surintensit\u00e9.<\/li>\n\n\n\n<li>D\u00e9tecteur de chargeur.<\/li>\n\n\n\n<li>D\u00e9tection de chargeur invers\u00e9 (surtension de courant \u00e9lev\u00e9\u00a0?).<\/li>\n<\/ul>\n\n\n\n<p><strong>Surveillance de la batterie<\/strong><\/p>\n\n\n\n<p>VCC et GND sont connect\u00e9s aux bornes de la batterie o\u00f9 deux tensions sont d\u00e9tect\u00e9es&nbsp;:<\/p>\n\n\n\n<ul>\n<li>D\u00e9tecteur de surcharge (tension de batterie trop \u00e9lev\u00e9e).<\/li>\n\n\n\n<li>D\u00e9tecteur de d\u00e9charge excessive (tension de la batterie trop faible).<\/li>\n<\/ul>\n\n\n\n<p><a><\/a><strong>Protection contre les surintensit\u00e9s de la batterie<\/strong><\/p>\n\n\n\n<p>La protection est assur\u00e9e \u00e0 l&rsquo;aide des deux broches de contr\u00f4le OD et OC (qui signifient respectivement surcharge et surcharge). Ces deux commandes se fixent aux grilles de deux MOSFETS et arr\u00eatent le flux de courant vers la batterie en cas de probl\u00e8me.<\/p>\n\n\n\n<p><a><\/a><strong>Niveaux de protection<\/strong><\/p>\n\n\n\n<p>Tension de protection contre les surcharges : 4,3 V (typ) \u2013 50 mV<br>Tension de d\u00e9clenchement contre les surcharges : 4,1 V (typ) \u2013 50 mV<br>Tension de protection contre les surcharges : 2,4 V (typ) \u2013 100 mV<br>Tension de d\u00e9clenchement contre les surcharges : 3,0 V (typ) \u2013 100 mV<\/p>\n\n\n\n<p>Tension de d\u00e9tection de surintensit\u00e9 : 0,15 (typ) \u2013 30 mV<br>Tension de d\u00e9tection de court-circuit : 1,35 V (typ).<\/p>\n\n\n\n<p>Remarque&nbsp;: Les tensions de surintensit\u00e9 et de court-circuit ci-dessus sont&nbsp;<a href=\"https:\/\/www.best-microcontroller-projects.com\/dw01a.html#How_the_DW01A_works\">mesur\u00e9es<\/a>&nbsp;aux bornes de la r\u00e9sistance \u00e0 l&rsquo;\u00e9tat passant du MOSFET.<\/p>\n\n\n\n<p><strong>Fiche technique DW01A<\/strong><\/p>\n\n\n\n<p>T\u00e9l\u00e9chargez la fiche technique du circuit int\u00e9gr\u00e9 de protection de la batterie&nbsp;<a href=\"https:\/\/www.best-microcontroller-projects.com\/support-files\/dw01a.pdf\">ici<\/a>&nbsp;.<\/p>\n\n\n\n<p><strong>Comment fonctionne le DW01A<\/strong><\/p>\n\n\n\n<p>La partie cruciale du fonctionnement du DW01A est le double MOSFET contr\u00f4l\u00e9 (canal N) ; Plus pr\u00e9cis\u00e9ment la r\u00e9sistance R&nbsp;<sub>DS(ON)<\/sub>&nbsp;du MOS<\/p>\n\n\n\n<p>Dans la fiche technique, il est indiqu\u00e9 que \u00a0\u00bb&nbsp;<strong>le courant seuil pour la d\u00e9tection de surintensit\u00e9 est d\u00e9termin\u00e9 par la r\u00e9sistance d&rsquo;activation des MOSFET de contr\u00f4le de charge et de d\u00e9charge<\/strong>&nbsp;\u00a0\u00bb .<\/p>\n\n\n\n<p>Il y a des probl\u00e8mes dans la conception d&rsquo;un dispositif de d\u00e9tection de courant de cette fa\u00e7on, car comme il est \u00e9galement indiqu\u00e9 dans la fiche technique&nbsp;:<\/p>\n\n\n\n<p>\u00a0\u00bb&nbsp;<strong>La r\u00e9sistance \u00e0 l&rsquo;activation du MOSFET change avec la variation de temp\u00e9rature due \u00e0 la dissipation thermique. Elle change \u00e9galement avec la tension entre la grille et la source<\/strong>&nbsp;\u00ab\u00a0<\/p>\n\n\n\n<p>Il est con\u00e7u de cette fa\u00e7on parce que c\u2019est une m\u00e9thode tr\u00e8s bon march\u00e9.<\/p>\n\n\n\n<p>Il y a cependant trois points \u00e0 cela :<br><br><\/p>\n\n\n\n<ul>\n<li>Les niveaux de tension seuil se situent en dehors des tensions de charge normales d&rsquo;un chargeur de batterie et n&rsquo;interf\u00e8rent donc pas avec le processus de charge normal.<\/li>\n\n\n\n<li>La valeur exacte du courant de court-circuit n&rsquo;a pas d&rsquo;importance (tant qu&rsquo;elle est raisonnable, c&rsquo;est-\u00e0-dire pas 100 A ! &#8211; elle peut \u00eatre de 3 A (voir les calculs ci-dessous).<\/li>\n\n\n\n<li>La limite de courant diminue \u00e0 mesure que le R<sub> DS (ON)<\/sub>\u00a0s\u00e9lectionn\u00e9 par le MOSFET\u00a0se d\u00e9t\u00e9riore &#8211; c&rsquo;est une bonne chose\u00a0; Si vous utilisez une valeur R\u00a0<sub>DS(ON)<\/sub>\u00a0\u00e9lev\u00e9e , le courant n\u00e9cessaire pour d\u00e9clencher le court-circuit est plus faible. L&rsquo;augmentation de la temp\u00e9rature augmente \u00e9galement R\u00a0<sub>DS(ON)<\/sub>\u00a0.<\/li>\n<\/ul>\n\n\n\n<p>Il s&rsquo;agit d&rsquo;un dispositif de s\u00e9curit\u00e9, donc tant que les valeurs choisies se situent en dehors de l&rsquo;\u00e9tat de fonctionnement normal de la batterie en charge, il fournira une protection contre les courts-circuits m\u00eame si la valeur exacte de coupure de charge change avec la temp\u00e9rature et la tension.<\/p>\n\n\n\n<p>Vous devez simuler, analyser et tester le fonctionnement du MOSFET pour vous assurer qu&rsquo;il est acceptable pour votre application.<\/p>\n\n\n\n<p><a><\/a><strong>Fiche technique double canal MOSFET N<\/strong><\/p>\n\n\n\n<p><a href=\"https:\/\/www.best-microcontroller-projects.com\/support-files\/ssf8205a-v2.0.pdf\">Fiche<\/a>&nbsp;technique MOSFET 8025A<\/p>\n\n\n\n<p><a><\/a><strong>Limite de courant MOSFET 8205A<\/strong><\/p>\n\n\n\n<p><a><\/a><strong>Utilisation de RDSON comme limite de courant<\/strong><\/p>\n\n\n\n<p>Le seuil de tension de limitation de courant est d\u00e9tect\u00e9 par un comparateur lorsque la tension sur la broche CS atteint 150 mV. La tension du comparateur sera atteinte lorsque la chute de tension aux bornes de la r\u00e9sistance des deux MOSFET (allum\u00e9s) atteint 150 mV &#8211; ceci est d\u00fb \u00e0 une plus grande quantit\u00e9 de courant circulant \u00e0 travers les deux MOSFET et correspond donc \u00e0 la chute de tension aux bornes de 2 x R&nbsp;<sub>DS (ON)<\/sub>&nbsp;.<br><br>Vous pouvez trouver les valeurs R&nbsp;<sub>DS(ON)<\/sub>&nbsp;sur la figure 6 de la fiche technique du 8205, qui est \u00e9tiquet\u00e9e \u00ab&nbsp;Rdson On-Resistance (m\u03a9) vs ID-Drain Current (A)&nbsp;\u00bb et montre les courbes pour diff\u00e9rentes valeurs Vgs.<br><br>\u00c9tant donn\u00e9 que la tension de la batterie est proche de 4,5 V, l&rsquo;utilisation de cette courbe donne R&nbsp;<sub>DS (ON)<\/sub>&nbsp;\u00e0 20 m\u00b2, ce qui entra\u00eene un courant de court-circuit de&nbsp;<strong>3,75 A<\/strong>&nbsp;(0,15\/(2*20e-3)).<br><br>Lorsque la batterie se d\u00e9charge, elle sera plus proche de 2,5 V, ce qui donnera R&nbsp;<sub>DS (ON)<\/sub>&nbsp;\u00e0 25 m\u00b2, ce qui entra\u00eenera un courant de court-circuit de&nbsp;<strong>3 A<\/strong>&nbsp;(0,15\/(2*25e-3)).<br><br>Une fois d\u00e9clench\u00e9, le DW01A, le MOSFET de d\u00e9charge (OD) est \u00e9teint. Il n&rsquo;est lib\u00e9r\u00e9 que lorsque la charge est retir\u00e9e.<br><br><\/p>\n\n\n\n<p><a><\/a><strong>Deux niveaux de seuil de surintensit\u00e9<\/strong><\/p>\n\n\n\n<p>Il existe deux valeurs de surd\u00e9charge (celle ci-dessus) : 150 mV et 1,35 V. La seconde raison est que les deux sont associ\u00e9s \u00e0 des d\u00e9lais d\u2019activation. Pour celui de 150 mV, le d\u00e9lai est de 10 ms, tandis que pour le second, le d\u00e9lai est de 5 us.<br><br>Ainsi, pour un court-circuit extr\u00eamement important, le d\u00e9lai d\u2019activation est beaucoup plus rapide.<br><br>Lorsque le d\u00e9tecteur de courant de court-circuit a \u00e9t\u00e9 activ\u00e9, vous devez retirer la charge, avant que le DW01A permette au courant de circuler \u00e0 nouveau (OC MOSFET activ\u00e9).<br><br><\/p>\n\n\n\n<p><a><\/a><strong>Sch\u00e9ma du circuit DW01A<\/strong><\/p>\n\n\n\n<p><a><\/a><strong>Utilisation correcte du DW01A<\/strong><\/p>\n\n\n\n<p>Le circuit ci-dessous montre comment la puce DW01A est cens\u00e9e \u00eatre utilis\u00e9e&nbsp;:<\/p>\n\n\n\n<p><strong>Circuit typique utilisant le DW01A<\/strong><\/p>\n\n\n\n<figure class=\"wp-block-image size-full\"><img loading=\"lazy\" decoding=\"async\" width=\"900\" height=\"599\" src=\"https:\/\/espacerm.com\/webgen\/wp-content\/uploads\/2024\/04\/image-17.png\" alt=\"\" class=\"wp-image-5122\" srcset=\"https:\/\/espacerm.com\/webgen\/wp-content\/uploads\/2024\/04\/image-17.png 900w, https:\/\/espacerm.com\/webgen\/wp-content\/uploads\/2024\/04\/image-17-300x200.png 300w, https:\/\/espacerm.com\/webgen\/wp-content\/uploads\/2024\/04\/image-17-768x511.png 768w\" sizes=\"(max-width: 900px) 100vw, 900px\" \/><\/figure>\n\n\n\n<p>Il est en fait cens\u00e9 \u00eatre fix\u00e9 dans le cadre d&rsquo;une batterie formant une seule unit\u00e9 avec la batterie et la puce DW01A.<br><br>Cela est vrai pour les raisons suivantes&nbsp;:<br><br><\/p>\n\n\n\n<ul>\n<li>La broche CS prot\u00e8ge de la connexion invers\u00e9e d&rsquo;un chargeur.<\/li>\n\n\n\n<li>Les limites de tension pour la d\u00e9tection de surtension et de sous-tension se situent en dehors des niveaux normaux de charge\/d\u00e9charge. Elles sont sp\u00e9cifi\u00e9es comme \u00e9tant des valeurs extr\u00eames.<\/li>\n\n\n\n<li>Protection de verrouillage lorsqu&rsquo;un chargeur est connect\u00e9 dans des conditions de d\u00e9charge excessive.<\/li>\n\n\n\n<li>Le courant de fonctionnement est si faible qu&rsquo;il ne d\u00e9chargera pas la batterie si elle est laiss\u00e9e en place attach\u00e9e \u00e0 la batterie (fiche technique 3uA).<\/li>\n<\/ul>\n\n\n\n<p>Lorsqu&rsquo;il est utilis\u00e9 dans le cadre d&rsquo;une batterie, il offre une protection contre le chargeur connect\u00e9 \u00e0 BATT+ et BATT-, et dans cette configuration offre une protection contre l&rsquo;inversion de polarit\u00e9 contre le branchement d&rsquo;un chargeur dans le mauvais sens et m\u00eame le branchement d&rsquo;un chargeur totalement inappropri\u00e9 et dangereux, par exemple un Chargeur NiCad ou NiMh (n&rsquo;essayez pas ceci).<\/p>\n\n\n\n<p><strong>Comment fonctionne le DW01A avec le TP4056<\/strong><\/p>\n\n\n\n<p><a><\/a><strong>Carte de d\u00e9rivation DW01A et TP4056<\/strong><\/p>\n\n\n\n<p>Sur la carte de d\u00e9rivation, la puce est soud\u00e9e au TP4056 afin qu&rsquo;elle ne puisse jamais \u00eatre connect\u00e9e \u00e0 l&rsquo;envers au niveau de \u00ab\u00a0l&rsquo;entr\u00e9e du chargeur\u00a0\u00bb. Par contre le DW01A ne prot\u00e8ge pas du branchement de la batterie \u00e0 l&rsquo;envers !<br><br>Cette puce ne s&rsquo;activera pas en cas de probl\u00e8mes de niveau de tension de la batterie (sauf si le TP4056 tombe en panne) puisque le TP4056&nbsp;:<br><br><\/p>\n\n\n\n<ul>\n<li>Arr\u00eate de se d\u00e9charger \u00e0 des tensions inf\u00e9rieures \u00e0 2,9 V\u00a0; Ici, la charge d\u2019entretien s\u2019active.<br>\u00a0\u00a0\u00a0\u00a0\u00a0<strong>Le seuil DW01A est de ~ 2,4 V\u00a0; Il ne s&rsquo;activera donc jamais.<\/strong><\/li>\n\n\n\n<li>Arr\u00eate de charger \u00e0 des tensions sup\u00e9rieures \u00e0 4,2 V.<br>\u00a0\u00a0\u00a0\u00a0<strong>Le seuil DW01A est de ~ 4,3 V\u00a0; Il ne s&rsquo;activera donc jamais.<\/strong><\/li>\n<\/ul>\n\n\n\n<p>La seule fonction qui fonctionnera est la protection contre les surintensit\u00e9s et la protection contre les courts-circuits. Ceux-ci s&rsquo;activeront \u00e0 environ 3 A lors de l&rsquo;utilisation du double Mosfet 8205A.<\/p>\n\n\n\n<p>Dans le cadre du TP4056, le DW01A :<\/p>\n\n\n\n<ol start=\"1\">\n<li>Ne peut pas prot\u00e9ger contre la connexion invers\u00e9e de la batterie &#8211; soudez-la correctement\u00a0!<\/li>\n\n\n\n<li>Impossible de prot\u00e9ger contre les surtensions &#8211; le TP4056 ne le permettra pas.<\/li>\n\n\n\n<li>Impossible de prot\u00e9ger contre les surtensions &#8211; le TP4056 ne le permettra pas.<\/li>\n\n\n\n<li><strong>Peut<\/strong>\u00a0prot\u00e9ger contre les courts-circuits de sortie.<\/li>\n<\/ol>\n\n\n\n<p><strong>TP4056 utilisation incorrecte de DW01A<\/strong><\/p>\n\n\n\n<p>J&rsquo;insiste sur l&rsquo;utilisation incorrecte ci-dessus de la puce sur la&nbsp;<a href=\"https:\/\/www.best-microcontroller-projects.com\/tp4056.html\" target=\"_blank\" rel=\"noreferrer noopener\">carte de d\u00e9rivation TP4056<\/a>&nbsp;(sauf pour la protection contre les courts-circuits).<br><br>Il y a 3 parties dans cette discussion<br><br>Partie 1&nbsp;: Introduction au&nbsp;<a href=\"https:\/\/www.best-microcontroller-projects.com\/tp4056.html\">TP4056<\/a>&nbsp;.<br>Partie 2&nbsp;: Comment ajouter un MOSFET pour&nbsp;<a href=\"https:\/\/www.best-microcontroller-projects.com\/tp4056-page2.html\">une utilisation correcte du TP4056.<\/a><br>Partie 3&nbsp;: Comprendre le&nbsp;<a href=\"https:\/\/www.best-microcontroller-projects.com\/dw01a.html\">protecteur de batterie DW01A<\/a>&nbsp;dans le contexte de la carte de d\u00e9rivation TP4056.<\/p>\n\n\n\n<p><\/p>\n\n\n\n<p>R\u00e9f\u00e9rence\u00a0: <a href=\"https:\/\/www.best-microcontroller-projects.com\/dw01a.html\">https:\/\/www.best-microcontroller-projects.com\/dw01a.htm<\/a><\/p>\n\n\n\n<p><\/p>\n","protected":false},"excerpt":{"rendered":"<p>La puce DW01A est un dispositif de protection de batterie pour une batterie lithium-ion monocellulaire prot\u00e9geant la cellule contre la surcharge et la sous-charge (en contr\u00f4lant la tension maximale et minimale de la cellule), la connexion invers\u00e9e et les courts-circuits. Vous pouvez g\u00e9n\u00e9ralement trouver cette puce sur les cartes de d\u00e9rivation&nbsp;TP4056&nbsp;(puce de chargeur lithium-ion). Objectif [&hellip;]<\/p>\n","protected":false},"author":2,"featured_media":0,"parent":0,"menu_order":0,"comment_status":"closed","ping_status":"closed","template":"","meta":{"footnotes":""},"_links":{"self":[{"href":"https:\/\/espacerm.com\/webgen\/wp-json\/wp\/v2\/pages\/5120"}],"collection":[{"href":"https:\/\/espacerm.com\/webgen\/wp-json\/wp\/v2\/pages"}],"about":[{"href":"https:\/\/espacerm.com\/webgen\/wp-json\/wp\/v2\/types\/page"}],"author":[{"embeddable":true,"href":"https:\/\/espacerm.com\/webgen\/wp-json\/wp\/v2\/users\/2"}],"replies":[{"embeddable":true,"href":"https:\/\/espacerm.com\/webgen\/wp-json\/wp\/v2\/comments?post=5120"}],"version-history":[{"count":1,"href":"https:\/\/espacerm.com\/webgen\/wp-json\/wp\/v2\/pages\/5120\/revisions"}],"predecessor-version":[{"id":5123,"href":"https:\/\/espacerm.com\/webgen\/wp-json\/wp\/v2\/pages\/5120\/revisions\/5123"}],"wp:attachment":[{"href":"https:\/\/espacerm.com\/webgen\/wp-json\/wp\/v2\/media?parent=5120"}],"curies":[{"name":"wp","href":"https:\/\/api.w.org\/{rel}","templated":true}]}}