{"id":5480,"date":"2025-01-19T00:41:42","date_gmt":"2025-01-19T05:41:42","guid":{"rendered":"https:\/\/espacerm.com\/webgen\/?page_id=5480"},"modified":"2025-01-19T00:49:54","modified_gmt":"2025-01-19T05:49:54","slug":"ecran-waveshare-esp32-c6-touch-lcd-1-47","status":"publish","type":"page","link":"https:\/\/espacerm.com\/webgen\/ecran-waveshare-esp32-c6-touch-lcd-1-47\/","title":{"rendered":"\u00ab \u00c9cran WAVESHARE ESP32-C6 Touch LCD 1.47 \u00bb"},"content":{"rendered":"\n<figure class=\"wp-block-image size-large\"><img loading=\"lazy\" decoding=\"async\" width=\"1024\" height=\"636\" src=\"https:\/\/espacerm.com\/webgen\/wp-content\/uploads\/2025\/01\/Capture-decran-2025-01-18-202019-1024x636.png\" alt=\"\" class=\"wp-image-5481\" srcset=\"https:\/\/espacerm.com\/webgen\/wp-content\/uploads\/2025\/01\/Capture-decran-2025-01-18-202019-1024x636.png 1024w, https:\/\/espacerm.com\/webgen\/wp-content\/uploads\/2025\/01\/Capture-decran-2025-01-18-202019-300x186.png 300w, https:\/\/espacerm.com\/webgen\/wp-content\/uploads\/2025\/01\/Capture-decran-2025-01-18-202019-768x477.png 768w, https:\/\/espacerm.com\/webgen\/wp-content\/uploads\/2025\/01\/Capture-decran-2025-01-18-202019.png 1398w\" sizes=\"(max-width: 1024px) 100vw, 1024px\" \/><\/figure>\n\n\n\n<hr class=\"wp-block-separator has-alpha-channel-opacity\"\/>\n\n\n\n<h2 class=\"wp-block-heading\">R\u00c9F\u00c9RENCES<\/h2>\n\n\n\n<p>Carte de d\u00e9veloppement ESP32-C6 avec \u00e9cran de 1,47 pouce.<\/p>\n\n\n\n<p>Intro :<a href=\"https:\/\/www.youtube.com\/watch?v=py_idndbexo\" target=\"_blank\" rel=\"noreferrer noopener\"> ESP32-C6 board, 1.47inch lcd, ESP32 with display, colorful RGB led, Support wifi 6 &amp; bluetooth<\/a><\/p>\n\n\n\n<p><a href=\"https:\/\/www.youtube.com\/watch?v=KEcr22qZAVE&amp;t=7s\" target=\"_blank\" rel=\"noreferrer noopener\">***** Waveshare ESP32-C6 : Tutoriel sur l&rsquo;interface utilisateur LVGL avec Squareline Studio<\/a><\/p>\n\n\n\n<p><a href=\"https:\/\/www.waveshare.com\/product\/arduino\/boards-kits\/esp32-c6-lcd-1.47.htm\" target=\"_blank\" rel=\"noreferrer noopener\">Info technique WAVESHARE ESP32-C6 Touch LCD 1.47<\/a><\/p>\n\n\n\n<p><a href=\"https:\/\/www.waveshare.com\/wiki\/ESP32-C6-LCD-1.47\" target=\"_blank\" rel=\"noreferrer noopener\">Wiki WAVESHARE ESP32-C6 Touch LCD 1.47<\/a><\/p>\n\n\n\n<p><a href=\"https:\/\/files.waveshare.com\/wiki\/ESP32-C6-LCD-1.47\/ESP32-C6-LCD-1.47_schemetics.pdf\" target=\"_blank\" rel=\"noreferrer noopener\">Sch\u00e9ma \u00ab \u00c9cran WAVESHARE ESP32-C6 Touch LCD 1.47 \u00bb<\/a><\/p>\n\n\n\n<p><a href=\"https:\/\/files.waveshare.com\/wiki\/ESP32-C6-LCD-1.47\/ESP32-C6-LCD-1.47-Demo.zip\" target=\"_blank\" rel=\"noreferrer noopener\">D\u00e9mo et Pilotes : WAVESHARE ESP32-C6 Touch LCD 1.47<\/a><\/p>\n\n\n\n<hr class=\"wp-block-separator has-alpha-channel-opacity\"\/>\n\n\n\n<p><a href=\"https:\/\/docs.lvgl.io\/master\/intro\/introduction.html\" target=\"_blank\" rel=\"noreferrer noopener\">LVGL Documentation officielle<\/a><\/p>\n\n\n\n<hr class=\"wp-block-separator has-alpha-channel-opacity\"\/>\n\n\n\n<p><a href=\"https:\/\/www.waveshare.com\/wiki\/Waveshare_SquareLine_Studio\" target=\"_blank\" rel=\"noreferrer noopener\">Waveshare SquareLine Studio<\/a><\/p>\n\n\n\n<hr class=\"wp-block-separator has-alpha-channel-opacity\"\/>\n\n\n\n<p><\/p>\n","protected":false},"excerpt":{"rendered":"<p>R\u00c9F\u00c9RENCES Carte de d\u00e9veloppement ESP32-C6 avec \u00e9cran de 1,47 pouce. Intro : ESP32-C6 board, 1.47inch lcd, ESP32 with display, colorful RGB led, Support wifi 6 &amp; bluetooth ***** Waveshare ESP32-C6 : Tutoriel sur l&rsquo;interface utilisateur LVGL avec Squareline Studio Info technique WAVESHARE ESP32-C6 Touch LCD 1.47 Wiki WAVESHARE ESP32-C6 Touch LCD 1.47 Sch\u00e9ma \u00ab \u00c9cran [&hellip;]<\/p>\n","protected":false},"author":2,"featured_media":0,"parent":0,"menu_order":0,"comment_status":"closed","ping_status":"closed","template":"","meta":{"footnotes":""},"_links":{"self":[{"href":"https:\/\/espacerm.com\/webgen\/wp-json\/wp\/v2\/pages\/5480"}],"collection":[{"href":"https:\/\/espacerm.com\/webgen\/wp-json\/wp\/v2\/pages"}],"about":[{"href":"https:\/\/espacerm.com\/webgen\/wp-json\/wp\/v2\/types\/page"}],"author":[{"embeddable":true,"href":"https:\/\/espacerm.com\/webgen\/wp-json\/wp\/v2\/users\/2"}],"replies":[{"embeddable":true,"href":"https:\/\/espacerm.com\/webgen\/wp-json\/wp\/v2\/comments?post=5480"}],"version-history":[{"count":3,"href":"https:\/\/espacerm.com\/webgen\/wp-json\/wp\/v2\/pages\/5480\/revisions"}],"predecessor-version":[{"id":5487,"href":"https:\/\/espacerm.com\/webgen\/wp-json\/wp\/v2\/pages\/5480\/revisions\/5487"}],"wp:attachment":[{"href":"https:\/\/espacerm.com\/webgen\/wp-json\/wp\/v2\/media?parent=5480"}],"curies":[{"name":"wp","href":"https:\/\/api.w.org\/{rel}","templated":true}]}}