{"id":5513,"date":"2025-09-21T18:38:51","date_gmt":"2025-09-21T23:38:51","guid":{"rendered":"https:\/\/espacerm.com\/webgen\/?page_id=5513"},"modified":"2025-09-25T22:05:53","modified_gmt":"2025-09-26T03:05:53","slug":"photographie","status":"publish","type":"page","link":"https:\/\/espacerm.com\/webgen\/photographie\/","title":{"rendered":"Photographie"},"content":{"rendered":"\n<h2 class=\"wp-block-heading\">Formation :<\/h2>\n\n\n\n<p><a href=\"https:\/\/espacerm.com\/webgen\/wp-content\/uploads\/2025\/09\/Introduction-a-la-photographie_V1_03.pdf\" target=\"_blank\" rel=\"noreferrer noopener\">Cours d&rsquo;introduction \u00e0 la photographie num\u00e9rique<\/a> (pdf 23 Ko)<\/p>\n\n\n\n<p><a href=\"https:\/\/espacerm.com\/webgen\/wp-content\/uploads\/2025\/09\/annexe_V_01_03.pdf\" target=\"_blank\" rel=\"noreferrer noopener\">Annexes au cours d&rsquo;introduction \u00e0 la photographie num\u00e9rique<\/a> (pdf 1.8Ko)<\/p>\n\n\n\n<p>M\u00eame si le cours n&rsquo;est pas r\u00e9cent, les notions de bases sont les m\u00eames.<\/p>\n\n\n\n<p><\/p>\n","protected":false},"excerpt":{"rendered":"<p>Formation : Cours d&rsquo;introduction \u00e0 la photographie num\u00e9rique (pdf 23 Ko) Annexes au cours d&rsquo;introduction \u00e0 la photographie num\u00e9rique (pdf 1.8Ko) M\u00eame si le cours n&rsquo;est pas r\u00e9cent, les notions de bases sont les m\u00eames.<\/p>\n","protected":false},"author":2,"featured_media":0,"parent":0,"menu_order":0,"comment_status":"closed","ping_status":"closed","template":"","meta":{"footnotes":""},"_links":{"self":[{"href":"https:\/\/espacerm.com\/webgen\/wp-json\/wp\/v2\/pages\/5513"}],"collection":[{"href":"https:\/\/espacerm.com\/webgen\/wp-json\/wp\/v2\/pages"}],"about":[{"href":"https:\/\/espacerm.com\/webgen\/wp-json\/wp\/v2\/types\/page"}],"author":[{"embeddable":true,"href":"https:\/\/espacerm.com\/webgen\/wp-json\/wp\/v2\/users\/2"}],"replies":[{"embeddable":true,"href":"https:\/\/espacerm.com\/webgen\/wp-json\/wp\/v2\/comments?post=5513"}],"version-history":[{"count":7,"href":"https:\/\/espacerm.com\/webgen\/wp-json\/wp\/v2\/pages\/5513\/revisions"}],"predecessor-version":[{"id":5527,"href":"https:\/\/espacerm.com\/webgen\/wp-json\/wp\/v2\/pages\/5513\/revisions\/5527"}],"wp:attachment":[{"href":"https:\/\/espacerm.com\/webgen\/wp-json\/wp\/v2\/media?parent=5513"}],"curies":[{"name":"wp","href":"https:\/\/api.w.org\/{rel}","templated":true}]}}