{"id":871,"date":"2018-11-20T13:53:45","date_gmt":"2018-11-20T18:53:45","guid":{"rendered":"https:\/\/espacerm.com\/webgen\/?page_id=871"},"modified":"2018-11-29T01:40:51","modified_gmt":"2018-11-29T06:40:51","slug":"mblock-mes-recommandations","status":"publish","type":"page","link":"https:\/\/espacerm.com\/webgen\/mblock-mes-recommandations\/","title":{"rendered":"mBlock -> Mes recommandations"},"content":{"rendered":"\n<p>Environnement de programmation par blocs bas\u00e9 sur Scratch 2.<br>Son interface utilisateur est identique \u00e0 celle de Scratch avec en plus des extensions sp\u00e9cifiques ajout\u00e9es pour programmer des mat\u00e9riels bas\u00e9s sur la technologie Arduino<\/p>\n\n\n\n<p>Malgr\u00e9 sa pr\u00e9sentation orient\u00e9e pour les enfants avec le petit Panda, c&rsquo;est une interface vraiment tr\u00e8s int\u00e9ressante pour un adulte qui d\u00e9bute en programmation et en \u00e9lectronique.&nbsp;<\/p>\n\n\n\n<h4 class=\"wp-block-heading\"><a href=\"http:\/\/www.mblock.cc\/?noredirect=en_US\" target=\"_blank\" rel=\"noreferrer noopener\" aria-label=\"Site officiel de mBlock (ouverture dans un nouvel onglet)\">Site officiel de mBlock<\/a><\/h4>\n\n\n\n<p><a href=\"http:\/\/www.mblock.cc\/mblock-software\/\" target=\"_blank\" rel=\"noreferrer noopener\" aria-label=\"Installation de mBlock&nbsp;&nbsp;\nJe pr\u00e9f\u00e8re la version 3. Il n'y a pas de pilote \u00e0 installer (mLink). La m\u00e9thode de connexion et de transfert du programme s'approchent plus de l'interface IDE ARDUINO. Il devient plus facile de faire le passage \u00e0 l'interface ARDUINO. Nous voyons plus facilement le lien entre le programme et le Hardware. (ouverture dans un nouvel onglet)\">Installation de mBlock&nbsp;<\/a>&nbsp;<br>Je pr\u00e9f\u00e8re la version 3. Il n&rsquo;y a pas de pilote \u00e0 installer (mLink). La m\u00e9thode de connexion et de transfert du programme s&rsquo;approchent plus de l&rsquo;interface IDE ARDUINO. Il devient plus facile de faire le passage \u00e0 l&rsquo;interface ARDUINO. Nous voyons plus facilement le lien entre le programme et le Hardware.<\/p>\n\n\n\n<p><strong><a rel=\"noreferrer noopener\" aria-label=\"Arduino + Mblock V3 : pr\u00e9sentation et faire clignoter une led\n (ouverture dans un nouvel onglet)\" href=\"https:\/\/www.youtube.com\/watch?v=uFolLDzfjmE\" target=\"_blank\">Arduino + Mblock V3 : pr\u00e9sentation et faire clignoter une led\u00a0\u00a0<\/a><\/strong><br>Normalement, nous pla\u00e7ons une r\u00e9sistance de 220 ohms entre le led et une des bornes de connexion pour limiter le courant \u00e0 environ 20 ma.<\/p>\n\n\n\n<h4 class=\"wp-block-heading\"><a href=\"https:\/\/www.youtube.com\/watch?v=pYFXfwqr4ig\" target=\"_blank\" rel=\"noreferrer noopener\" aria-label=\"Tutoriel vid\u00e9o mBlock V2 sur la fa\u00e7on de contr\u00f4ler le LED&nbsp; avec le potentiom\u00e8tre via mBlock (ouverture dans un nouvel onglet)\">Tutoriel vid\u00e9o mBlock V2 sur la fa\u00e7on de contr\u00f4ler le LED&nbsp; avec le potentiom\u00e8tre via mBlock<\/a><\/h4>\n\n\n\n<h4 class=\"wp-block-heading\"><a href=\"https:\/\/www.makeblock.com\/software\/mblock5\" target=\"_blank\" rel=\"noreferrer noopener\" aria-label=\"Makeblock (ouverture dans un nouvel onglet)\">Makeblock<\/a><\/h4>\n\n\n\n<p><a href=\"http:\/\/learn.makeblock.com\/en\/electronics\/\" target=\"_blank\" rel=\"noreferrer noopener\" aria-label=\"Mblock et les modules \u00e9lectroniques\nLe site inclut les sch\u00e9mas \u00e9lectroniques des circuits et descriptions d\u00e9taill\u00e9s du fonctionnement et de la programmation (ouverture dans un nouvel onglet)\">Mblock et les modules \u00e9lectroniques<\/a><br>Le site inclut les sch\u00e9mas \u00e9lectroniques des circuits et descriptions d\u00e9taill\u00e9s du fonctionnement et de la programmation<\/p>\n\n\n\n<h2 class=\"wp-block-heading\"><a href=\"https:\/\/larajtekno.info\/mblock-en-ligne\/\" target=\"_blank\" rel=\"noreferrer noopener\" aria-label=\"mBlock en ligne (ouverture dans un nouvel onglet)\">mBlock en ligne<\/a><\/h2>\n\n\n\n<p><\/p>\n","protected":false},"excerpt":{"rendered":"<p>Environnement de programmation par blocs bas\u00e9 sur Scratch 2.Son interface utilisateur est identique \u00e0 celle de Scratch avec en plus des extensions sp\u00e9cifiques ajout\u00e9es pour programmer des mat\u00e9riels bas\u00e9s sur la technologie Arduino Malgr\u00e9 sa pr\u00e9sentation orient\u00e9e pour les enfants avec le petit Panda, c&rsquo;est une interface vraiment tr\u00e8s int\u00e9ressante pour un adulte qui d\u00e9bute [&hellip;]<\/p>\n","protected":false},"author":2,"featured_media":0,"parent":0,"menu_order":0,"comment_status":"closed","ping_status":"closed","template":"","meta":{"footnotes":""},"_links":{"self":[{"href":"https:\/\/espacerm.com\/webgen\/wp-json\/wp\/v2\/pages\/871"}],"collection":[{"href":"https:\/\/espacerm.com\/webgen\/wp-json\/wp\/v2\/pages"}],"about":[{"href":"https:\/\/espacerm.com\/webgen\/wp-json\/wp\/v2\/types\/page"}],"author":[{"embeddable":true,"href":"https:\/\/espacerm.com\/webgen\/wp-json\/wp\/v2\/users\/2"}],"replies":[{"embeddable":true,"href":"https:\/\/espacerm.com\/webgen\/wp-json\/wp\/v2\/comments?post=871"}],"version-history":[{"count":39,"href":"https:\/\/espacerm.com\/webgen\/wp-json\/wp\/v2\/pages\/871\/revisions"}],"predecessor-version":[{"id":1355,"href":"https:\/\/espacerm.com\/webgen\/wp-json\/wp\/v2\/pages\/871\/revisions\/1355"}],"wp:attachment":[{"href":"https:\/\/espacerm.com\/webgen\/wp-json\/wp\/v2\/media?parent=871"}],"curies":[{"name":"wp","href":"https:\/\/api.w.org\/{rel}","templated":true}]}}