{"id":886,"date":"2018-11-20T15:24:36","date_gmt":"2018-11-20T20:24:36","guid":{"rendered":"https:\/\/espacerm.com\/webgen\/?page_id=886"},"modified":"2018-11-25T19:18:39","modified_gmt":"2018-11-26T00:18:39","slug":"s4a-mes-recommandations","status":"publish","type":"page","link":"https:\/\/espacerm.com\/webgen\/s4a-mes-recommandations\/","title":{"rendered":"S4A -> Mes recommandations"},"content":{"rendered":"\n<p>S4A est une modification\u00a0<a href=\"https:\/\/scratch.mit.edu\/\" target=\"_blank\" rel=\"noreferrer noopener\" aria-label=\"S4A est une modification\u00a0Scratch\u00a0qui permet une programmation simple de la plate-forme mat\u00e9rielle open source\u00a0Arduino\u00a0.\u00a0Il fournit de nouveaux blocs pour la gestion des capteurs et des actionneurs connect\u00e9s \u00e0 Arduino.\u00a0Il existe \u00e9galement un tableau d'affichage des capteurs similaire \u00e0 celui de PicoBoard. (ouverture dans un nouvel onglet)\">Scratch<\/a>\u00a0qui permet une programmation simple de la plate-forme mat\u00e9rielle open source\u00a0<a rel=\"noreferrer noopener\" aria-label=\"S4A est une modification\u00a0Scratch\u00a0qui permet une programmation simple de la plate-forme mat\u00e9rielle open source\u00a0Arduino\u00a0.\u00a0Il fournit de nouveaux blocs pour la gestion des capteurs et des actionneurs connect\u00e9s \u00e0\u00a0Arduino\u00a0.\u00a0Il existe \u00e9galement un tableau d'affichage des capteurs similaire \u00e0 celui de PicoBoard. (ouverture dans un nouvel onglet)\" href=\"https:\/\/www.arduino.cc\/\" target=\"_blank\">Arduino<\/a>\u00a0.\u00a0Il fournit de nouveaux blocs pour la gestion des capteurs et des actionneurs connect\u00e9s \u00e0 Arduino.\u00a0Il existe \u00e9galement un tableau d&rsquo;affichage des capteurs similaire \u00e0 celui de PicoBoard.<\/p>\n\n\n\n<p>L&rsquo;objectif principal du projet est d&rsquo;attirer les gens vers le monde de la programmation.&nbsp;L&rsquo;objectif est \u00e9galement de fournir aux programmeurs Arduino une interface de haut niveau avec des fonctionnalit\u00e9s telles que l&rsquo;interaction avec un ensemble de cartes par le biais d&rsquo;\u00e9v\u00e9nements utilisateur.<\/p>\n\n\n\n<h2 class=\"wp-block-heading\"><a href=\"http:\/\/s4a.cat\/index.html\" target=\"_blank\" rel=\"noreferrer noopener\" aria-label=\"Site officiel de S4A (ouverture dans un nouvel onglet)\">Site officiel de S4A<\/a><\/h2>\n\n\n\n<p>Les composants doivent \u00eatre connect\u00e9s d&rsquo;une mani\u00e8re particuli\u00e8re. S4A permet 6 entr\u00e9es analogiques (broches analogiques), 2 entr\u00e9es num\u00e9riques (broches num\u00e9riques 2 et 3), 3 sorties analogiques (broches num\u00e9riques 5, 6 et 9), 3 sorties num\u00e9riques (broches 10, 11 et 13) et 4 sorties sp\u00e9ciales pour connecter des servomoteurs Parallax \u00e0 rotation continue de&nbsp; (broches num\u00e9riques 4, 7, 8 et 12).<\/p>\n\n\n\n<p>Vous pouvez g\u00e9rer une carte sans fil en y attachant un module RF, tel que Xbee.<\/p>\n\n\n\n<p>S4A vous permet de contr\u00f4ler autant de cartes que de ports USB.<\/p>\n\n\n\n<h4 class=\"wp-block-heading\">Protocole<\/h4>\n\n\n\n<p>S4A interagit avec\u00a0<a rel=\"noreferrer noopener\" target=\"_blank\" href=\"https:\/\/translate.googleusercontent.com\/translate_c?act=url&amp;depth=1&amp;hl=fr&amp;ie=UTF8&amp;prev=_t&amp;rurl=translate.google.ca&amp;sl=auto&amp;sp=nmt4&amp;tl=fr&amp;u=http:\/\/arduino.cc\/&amp;xid=25657,15700023,15700124,15700149,15700186,15700191,15700201&amp;usg=ALkJrhgMKBkvxcIDEQj-AqMQG1a51fKuCQ\">Arduino<\/a>\u00a0en envoyant les \u00e9tats de l&rsquo;actionneur et en recevant les \u00e9tats des capteurs<strong> toutes les 75 ms<\/strong>. Par cons\u00e9quent, la largeur d&rsquo;impulsion doit \u00eatre sup\u00e9rieure \u00e0 cette p\u00e9riode.\u00a0L&rsquo;\u00e9change de donn\u00e9es suit le protocole PicoBoard et <strong>n\u00e9cessite l&rsquo;installation d&rsquo;un programme sp\u00e9cifique (<a href=\"http:\/\/s4a.cat\/downloads\/S4AFirmware16.ino\" target=\"_blank\" rel=\"noreferrer noopener\" aria-label=\"S4A interagit avec\u00a0Arduino\u00a0en envoyant les \u00e9tats de l'actionneur et en recevant les \u00e9tats des capteurs toutes les 75 ms. Par cons\u00e9quent, la largeur d'impulsion doit \u00eatre sup\u00e9rieure \u00e0 cette p\u00e9riode.\u00a0L'\u00e9change de donn\u00e9es suit le protocole PicoBoard et n\u00e9cessite l'installation d'un programme sp\u00e9cifique (firmware) dans la carte. (Fichier S4AFirmware16.ino). \u00c0 r\u00e9installer si la carte a \u00e9t\u00e9 utilis\u00e9 et que le programme a \u00e9t\u00e9 \u00e9craser. (ouverture dans un nouvel onglet)\">firmware<\/a>) dans la carte. <\/strong>(Fichier S4AFirmware16.ino). <strong>\u00c0 r\u00e9installer si la carte a \u00e9t\u00e9 utilis\u00e9 et que le programme a \u00e9t\u00e9 \u00e9craser.<\/strong><\/p>\n\n\n\n<p><strong>Compatibilit\u00e9<\/strong><br>S4A est r\u00e9trocompatible avec Scratch , vous pouvez donc y ouvrir des projets Scratch . Cependant, vous ne pourrez pas partager vos projets sur le site Web de la communaut\u00e9 Scratch , car cela irait \u00e0 l&rsquo;encontre des conditions d&rsquo;utilisation de Scratch .<\/p>\n\n\n\n<p>Tenez compte du fait que cette compatibilit\u00e9 ne fonctionne pas dans les deux sens, vous ne pourrez donc pas ouvrir un projet S4A \u00e0 partir de Scratch d&rsquo; origine.<\/p>\n\n\n\n<p>L&rsquo;utilisation d&rsquo;un PicoBoard avec une carte Arduino est \u00e9galement prise en charge<\/p>\n","protected":false},"excerpt":{"rendered":"<p>S4A est une modification\u00a0Scratch\u00a0qui permet une programmation simple de la plate-forme mat\u00e9rielle open source\u00a0Arduino\u00a0.\u00a0Il fournit de nouveaux blocs pour la gestion des capteurs et des actionneurs connect\u00e9s \u00e0 Arduino.\u00a0Il existe \u00e9galement un tableau d&rsquo;affichage des capteurs similaire \u00e0 celui de PicoBoard. L&rsquo;objectif principal du projet est d&rsquo;attirer les gens vers le monde de la programmation.&nbsp;L&rsquo;objectif [&hellip;]<\/p>\n","protected":false},"author":2,"featured_media":0,"parent":0,"menu_order":0,"comment_status":"closed","ping_status":"closed","template":"","meta":{"footnotes":""},"_links":{"self":[{"href":"https:\/\/espacerm.com\/webgen\/wp-json\/wp\/v2\/pages\/886"}],"collection":[{"href":"https:\/\/espacerm.com\/webgen\/wp-json\/wp\/v2\/pages"}],"about":[{"href":"https:\/\/espacerm.com\/webgen\/wp-json\/wp\/v2\/types\/page"}],"author":[{"embeddable":true,"href":"https:\/\/espacerm.com\/webgen\/wp-json\/wp\/v2\/users\/2"}],"replies":[{"embeddable":true,"href":"https:\/\/espacerm.com\/webgen\/wp-json\/wp\/v2\/comments?post=886"}],"version-history":[{"count":10,"href":"https:\/\/espacerm.com\/webgen\/wp-json\/wp\/v2\/pages\/886\/revisions"}],"predecessor-version":[{"id":1247,"href":"https:\/\/espacerm.com\/webgen\/wp-json\/wp\/v2\/pages\/886\/revisions\/1247"}],"wp:attachment":[{"href":"https:\/\/espacerm.com\/webgen\/wp-json\/wp\/v2\/media?parent=886"}],"curies":[{"name":"wp","href":"https:\/\/api.w.org\/{rel}","templated":true}]}}